12. Determine j(96).
-8
Let h(t) = -t**3 + 11*t**2 - 5*t + 208. Calculate h(12).
4
Let x(v) = -2*v**2 - 126*v - 1704. Calculate x(-43).
16
Let k(q) = -5*q - 94. Calculate k(5).
-119
Let a(u) = -3*u**3 + 15*u**2 - 6*u - 20. Calculate a(5).
-50
Let t(n) = 264*n + 1033. Calculate t(-4).
-23
Let o(a) = 4*a - 20. What is o(-9)?
-56
Let h(t) = -303*t - 1029. Give h(-4).
183
Let z(v) = v**2 + 19044*v + 266418. What is z(-14)?
-2
Let t(q) = 14*q**2 + 297*q + 1003. Give t(-17).
0
Let r(v) = -v**2 - 1284*v + 7712. Determine r(6).
-28
Let z(x) = -x**3 + 12*x**2 - 137*x + 341. Determine z(3).
11
Let t(f) = 2*f**3 + 11*f**2 + 12*f - 9. What is t(-6)?
-117
Let f(r) = -3*r**2 + 80*r + 23. Give f(27).
-4
Let x(n) = 6*n**3 - 474*n**2 - n + 52. Give x(79).
-27
Let j(c) = -2*c**2 + 35*c - 50. What is j(16)?
-2
Let t(s) = 1384*s - 63661. Calculate t(46).
3
Let y(i) = -19*i + 13. What is y(4)?
-63
Let a(z) = -z**2 + 66*z - 791. What is a(33)?
298
Let v(z) = 15*z - 1417. Calculate v(85).
-142
Let d(b) = -212*b - 2520. Calculate d(-11).
-188
Let f(k) = 14*k**2 + 28*k + 186. What is f(-8)?
858
Let n(l) = -10*l**2 - 8*l + 27. Determine n(5).
-263
Let s(q) = -38*q**2 - 361*q + 185. What is s(-10)?
-5
Let f(p) = -p**2 - 525*p - 5512. Calculate f(-11).
142
Let n(c) = c**3 - 24*c**2 + 132*c + 90. Give n(10).
10
Let y(l) = -177*l - 14. Calculate y(-1).
163
Let r(h) = -19*h**2 + 171*h - 12. What is r(9)?
-12
Let c(b) = -b**3 + 18*b**2 + 65*b - 536. Give c(19).
338
Let j(p) = p**2 - 84*p + 1254. Determine j(20).
-26
Let q(g) = 5*g**2 + 36*g + 17. Give q(-7).
10
Let h(d) = -1196*d - 4759. Calculate h(-4).
25
Let m(j) = j**3 + 17*j**2 - 6*j - 8. Determine m(-2).
64
Let v(n) = n**3 - 56*n**2 + 208*n + 4. Give v(52).
4
Let n(f) = 2*f**3 + 49*f**2 + 19*f - 110. What is n(-24)?
10
Let c(j) = j**3 - 17*j**2 + 67*j + 44. Give c(9).
-1
Let j(o) = -4*o**2 + 14*o + 11. Determine j(0).
11
Let h(g) = -29*g**3 + 2*g**2 + 15*g + 15. What is h(-1)?
31
Let i(r) = r**3 - 2*r**2 + 14*r - 35. What is i(2)?
-7
Let j(d) = 175*d + 6459. Determine j(-37).
-16
Let d(s) = 55*s - 8893. What is d(162)?
17
Let z(l) = -27*l**2 - 769*l - 53. Determine z(-29).
-459
Let a(u) = -54*u**2 - 19*u - 16. What is a(-1)?
-51
Let l(o) = 3*o**3 - 23*o**2 + 5*o + 61. Determine l(7).
-2
Let x(q) = 17*q + 58. Determine x(-8).
-78
Let i(r) = 6*r**3 + 877*r**2 + 158*r + 1762. Give i(-146).
10
Let a(d) = d**2 - 31*d + 251. Give a(12).
23
Let r(c) = -12*c**2 + 62*c - 55. Give r(11).
-825
Let o(v) = -128*v - 880. What is o(-8)?
144
Let s(l) = 6*l**2 - 136*l + 232. What is s(23)?
278
Let x(c) = -2*c**2 - 50*c - 253. Determine x(-13).
59
Let h(t) = t**3 + 68*t**2 + 194*t - 100. Calculate h(-65).
-35
Let k(b) = -202*b**2 + 448*b - 1. What is k(2)?
87
Let b(t) = 4*t - 189. Calculate b(26).
-85
Let u(s) = -14*s + 48. Determine u(5).
-22
Let j(m) = 3*m**3 + 3*m**2 - 11*m + 21. Determine j(4).
217
Let f(a) = 432*a + 2599. Calculate f(-6).
7
Let b(c) = -5647*c - 16937. Give b(-3).
4
Let g(i) = 5*i + 520. What is g(14)?
590
Let j(f) = -109*f + 14. What is j(0)?
14
Let w(h) = 929*h + 4646. What is w(-5)?
1
Let n(z) = -4*z**2 + 40*z + 1057. What is n(-12)?
1
Let k(u) = 23*u + 538. What is k(-26)?
-60
Let o(q) = -q**3 - 59*q**2 - 3*q - 120. What is o(-59)?
57
Let d(m) = 18*m - 752. What is d(63)?
382
Let x(n) = -15*n**2 + 64*n + 133. Determine x(-2).
-55
Let s(k) = k**2 - 1509*k - 13658. Give s(-9).
4
Let j(z) = z**3 + 274*z**2 + 9551*z - 76. What is j(-41)?
6
Let t(j) = 358*j - 373. Calculate t(1).
-15
Let p(f) = -5*f**2 - 231*f + 427. Give p(-48).
-5
Let y(v) = -19*v + 2. Calculate y(-1).
21
Let l(d) = -d**3 + 39*d**2 - 239*d + 167. What is l(32)?
-313
Let y(v) = -5*v - 177. What is y(8)?
-217
Let f(q) = 4*q**3 - 4*q**2 - 9*q - 1. What is f(-3)?
-118
Let f(v) = -281*v + 4462. Give f(16).
-34
Let p(t) = -2*t**2 + 55*t - 232. What is p(5)?
-7
Let w(k) = -k**2 - 11*k - 35. Determine w(-6).
-5
Let f(p) = -485*p + 11546. What is f(24)?
-94
Let f(x) = -34*x + 256. Give f(8).
-16
Let r(c) = 2*c**2 - 41*c + 99. Calculate r(20).
79
Let u(a) = a**3 + 30*a**2 + 107*a - 7. Calculate u(-26).
-85
Let t(w) = w**3 + 26*w**2 + 20*w - 37. What is t(-25)?
88
Let c(g) = -431*g - 10384. Determine c(-24).
-40
Let g(j) = 2*j**2 - 13*j + 77. Give g(9).
122
Let f(g) = -3*g**3 - 57*g**2 - 4. Give f(-19).
-4
Let h(p) = 778*p**3 + 2*p**2 - 13*p + 11. Determine h(1).
778
Let y(u) = -3*u**3 + 7*u**2 - 11*u + 21. Give y(4).
-103
Let y(k) = 9*k**2 - 73*k + 258. What is y(4)?
110
Let t(o) = 18*o**2 + 112*o - 11. Give t(-7).
87
Let k(o) = o**3 + 59*o**2 + 218*o - 114. What is k(-55)?
-4
Let w(f) = 2*f**3 - 3*f**2 - 3*f + 11. Give w(0).
11
Let u(k) = 8*k - 332. What is u(17)?
-196
Let l(o) = -4*o**2 + 36*o - 6. Calculate l(9).
-6
Let y(h) = -33*h + 225. Determine y(7).
-6
Let u(t) = -5*t - 62. Calculate u(-12).
-2
Let v(u) = 39*u + 44. Determine v(-2).
-34
Let w(g) = 9216*g - 9211. Determine w(1).
5
Let v(s) = -34*s - 33. What is v(6)?
-237
Let z(p) = 14*p - 473. Give z(32).
-25
Let h(y) = 2*y**3 + 167*y**2 - 251*y + 380. What is h(-85)?
40
Let p(u) = -96*u - 579. Calculate p(-6).
-3
Let z(y) = -13*y**2 + 8*y + 538. Give z(-6).
22
Let k(i) = -3*i**3 - 14*i**2 - 4*i + 17. What is k(-6)?
185
Let r(q) = 1215*q - 4850. Determine r(4).
10
Let h(f) = 2*f**3 - 34*f + 8. Give h(4).
0
Let t(q) = -16*q - 235. What is t(-9)?
-91
Let w(l) = l**2 + 1509*l + 6020. Give w(-4).
0
Let x(p) = 6*p**2 - 34*p - 61. Give x(7).
-5
Let s(b) = -2*b**3 + 5*b**2 + 54*b - 36. Give s(6).
36
Let z(i) = -30*i**2 + 1381*i - 46. Calculate z(46).
0
Let l(h) = h**3 + 2*h**2 - 11*h - 5. What is l(3)?
7
Let u(t) = t**2 - 77*t - 44104. Determine u(252).
-4
Let w(h) = h**3 - 2*h**2 - h + 12. Determine w(4).
40
Let u(q) = 28*q + 19. Calculate u(-3).
-65
Let p(d) = 4*d**2 + 180*d + 13. Determine p(-45).
13
Let f(y) = 149*y - 1943. Give f(13).
-6
Let y(k) = -2*k**2 + 72*k + 130. What is y(38)?
-22
Let t(p) = p**2 + 12*p - 138. What is t(-23)?
115
Let y(k) = 122*k - 16594. Give y(136).
-2
Let x(n) = 4*n**3 + 2*n**2 - 8*n - 13. Calculate x(-3).
-79
Let s(g) = -g**3 - 13*g**2 - 4*g - 115. Calculate s(-7).
-381
Let i(u) = 14*u**2 + 10*u + 8. What is i(-4)?
192
Let c(g) = 2*g**3 - 8*g**2 + 13*g - 28. Determine c(5).
87
Let k(s) = s**3 - 100*s**2 + 103*s - 377. Calculate k(99).
19
Let v(r) = -97*r + 162. Calculate v(2).
-32
Let l(q) = q**3 + q**2 - 9*q - 2. Determine l(-3).
7
Let g(x) = -388*x - 136. Determine g(-1).
252
Let g(a) = 390*a + 4668. Determine g(-12).
-12
Let j(r) = 2870*r + 2815. What is j(-1)?
-55
Let o(n) = -2482*n - 9822. Give o(-4).
106
Let d(s) = s**2 - 72*s - 2320. What is d(96)?
-16
Let m(q) = -2*q**3 - 54*q**2 + 54*q - 56. What is m(-28)?
0
Let z(q) = -28*q - 79. Give z(-3).
5
Let m(x) = 29*x + 47. Determine m(-7).
-156
Let x(u) = u**3 - 15*u**2 - 321*u - 59. Calculate x(27).
22
Let m(z) = -26*z - 46. Calculate m(-4).
58
Let i(q) = -q**3 + 17*q**2 - 69*q - 31. Determine i(9).
-4
Let v(q) = -74*q**2 + 1921*q + 49. Determine v(26).
-29
Let s(l) = 11*l**2 + 100*l + 7. What is s(-9)?
-2
Let r(v) = -2*v**3 + 35*v**2 + 247*v + 123. What is r(23)?
-15
Let t(d) = 33*d + 934. Give t(-8).
670
Let v(a) = -4*a**3 - 179*a**2 + 45*a + 41. Give v(-45).
41
Let v(i) = -i**3 + 31*i**2 + i + 26. Determine v(31).
57
Let c(v) = -5*v**2 - 42*v + 16. Determine c(-10).
-64
Let d(y) = -y**3 - 16*y**2 + 71*y - 170. What is d(-20)?
10
Let j(n) = -n**3 + 10*n**2 - 94*n + 1420. Determine j(12).
4
Let o(k) = -k**3 + 6*k**2 - 8*k + 37. What is o(6)?
-11
Let l(m) = 57*m + 2700. Calculate l(-49).
-93
Let z(w) = 17*w + 624. Give z(-35).
29
Let a(o) = -o**3 + 4*o**2 + 2*o + 2. What is a(3)?
17
Let b(c) = -8*c**2 - 161*c - 121. Calculate b(-20).
-101
Let o(b) = b**3 - 28*b**2 - 84*b + 202. What is o(-4)?
26
Let w(q) = -21*q + 79. Determine w(16).
-257
Let d(k) = -2*k**3 + 86*k**2 + 87*k + 51. Give d(44).
7
Let w(u) = 381*u - 154. Determine w(-1).
-535
Let n(l) = -2*l**3 + 11*l**2 - 4*l - 4. Determine n(6).
-64
Let q(a) = 2*a**2 - 10*a. Give q(6).
12
Let n(f) = -6*f - 127. Determine n(17).
-229
Let d(l) = 2*l**3 + 571*l**2 + 848*l - 1105. What is d(-284)?
31
Let z(n) = -n**3 + 8*n**2 + 46*n - 30. Determine z(12).
-54
Let w(u) = 3*u**3 + 33*u**2 - 10*u + 49. Determine w(-11).
159
Let h(x) = -11967*x + 83770. What is h(7)?
1
Let